hat is 34 - ((0 - -27) + -174 + 263)?
-82
Calculate -74 - -54 - (35 + -36).
-19
Evaluate 8 - -45 - 65 - -13.
1
-62 + -16 + 76 + -22
-24
What is (8126 - 8134) + (63 - 1)?
54
Evaluate -2 - -130 - (-39 + -46 + 31 + 51).
131
What is the value of 71 + -5 + 3 - (-14 + (45 - 31 - -1))?
68
What is the value of -56 - ((52 - -34) + -37)?
-105
What is -6 - -6 - 4 - (-4 + 1)?
-1
Evaluate (35 - (-12 + 2 - -9)) + -15 - -14.
35
-10 + -22 + (-27 + 72 - 19)
-6
Calculate -3 + -17 - (-3 + -2 + (-6 - -10) + 5).
-24
-10 - (-32 - -42 - (-7 - -53 - 10))
16
Evaluate 23 + -45 + 39 + 2 + -2.
17
What is the value of (71 - (6 + 41)) + 43 - (-1 + -2 + -2)?
72
What is (-28 - -33 - -4) + (19 - 0) - (2 + -8)?
34
Evaluate -92 + 87 + (7 - 2) + 22.
22
15 + -11 + (-2 - 0) + 18
20
What is the value of -38 + 50 + 7 - (2 + 40)?
-23
1 + (-6 - 4) + 8 + (87 - 12)
74
What is the value of 4 - (32 - (73 - 10))?
35
What is (-51337 - -51321) + (-1 - (1 - 52))?
34
Evaluate (-15 + (-11 - 4) - -29) + (1 + -2 - 73).
-75
Calculate (9 - (-7 - (-7 + 8))) + -18 + 77.
76
Calculate 11 - ((1 - (6 + 1)) + (3 - 22)) - -5.
41
Evaluate 1 - -62 - ((2 - 8) + (31 - (26 - -2))).
66
Evaluate 86 - 106 - (53 + 0) - -5.
-68
What is -207 - (-54 + -160) - (0 + 0 + -67)?
74
Calculate 73 + -106 + -101 + 66.
-68
What is -44 - (-63 + -5 + 59 - ((0 - 2) + 0))?
-37
What is 33 + (62 - 63) + 74?
106
Calculate -2 - -120 - (4058 + -3904).
-36
-42 + 37 + (-113 - -10) - -25
-83
What is the value of 27 + (9 - 4) - ((1 - 7) + -4)?
42
Calculate -1 + -18 + -3 + 92 + -27 + -46.
-3
Calculate (-10 - (-21 - 4) - 16) + -11 + 5 + 6.
-1
Evaluate (12 - 0) + -5 + (-88 - -196 - 37).
78
Evaluate 107 + 5 + 0 + -7 + (-15 - (-18 - -11)).
97
What is (-75 - (-44 + -12)) + -34?
-53
Evaluate -53 + 3 + 64 - ((0 - (5 + -3)) + 2).
14
What is (55 - 74) + (84 - -1 - 7)?
59
Calculate 19 + -42 + -25 - -11.
-37
What is the value of -326 + 224 + (4 - -61)?
-37
Evaluate -29 - 46 - (1 + -10 + -3 + (-122 - -123)).
-64
-48 - (45 + (34 - 101))
-26
What is 74 + -17 + 3 - (13 - -12)?
35
Evaluate (-54 + 58 - (6 + 93)) + -7 - -10.
-92
Calculate -4150 - -4191 - (16 - -1).
24
Calculate 17 + 0 + -118 + 90 + 6.
-5
Evaluate 110 - (105 + -155 - -196).
-36
What is the value of 0 + 0 + -101 - (-255 - (-225 + -33)) - 1?
-105
What is the value of -7 + (12 - (-38 - (5 + -14 - 11)))?
23
What is the value of (-9 - (26 + -48)) + -29 - -57?
41
Calculate (-1 + -3 - -28) + 76 + -130.
-30
What is the value of (26 - 16) + (-3 - -53) - 22?
38
Evaluate -15 + 7 + -7 + 25 + -9 - 14 - -72.
59
What is the value of 2 + -12 + 1 - (-46 - -13)?
24
17 - ((53 - 18) + -40)
22
Calculate -39 + (-152 - -66 - -96).
-29
Evaluate 6 - (3 - -1 - (-88 + 122 - (14 + 1))).
21
Evaluate 1325 + -1311 + (8 - -2 - (6 + -4)).
22
73 + (-10 + 16 - 10) - 4 - 10
55
45 + 11 + (-85 - -27)
-2
Evaluate 20 + -36 + 17 - (1 - -2) - -86.
84
Evaluate (-27 - 0 - (-26 + 23)) + -138 + 152.
-10
Evaluate (-5 - (106 + 3)) + -3436 + 3444.
-106
What is -6 + (-17 - 1) + -13 + -23 + 24?
-36
What is the value of -155 + (-70 - -326) - 18?
83
Calculate -111 + (104 - -39 - 103).
-71
What is -31 - (-32 - (-34 + 40 - 36))?
-29
What is -4 + -29 + 33 + -20?
-20
Calculate 127 - (6 + (-11 - -4) - -13).
115
What is (-5 - 29) + (-42 - -103) - 67?
-40
47 + -52 + -1 - 10
-16
-2 + -4 + 15 + -6 + 30
33
What is the value of -3 + 9 - -4 - (-14 - -59)?
-35
What is the value of (-3 - 13 - (2 - -1)) + 27 + -23?
-15
Calculate -111 - (-20 + 6 + -3 - 1 - -15).
-108
What is 56 - ((9 - (0 + 3)) + -9)?
59
What is the value of -1 + 96 + -5 - 68?
22
Calculate (-31 - 10) + 0 + -10 - (5 + -7).
-49
Evaluate -7 - (12 - 1) - (4 - (-29 - -149)).
98
Evaluate (25 + (1 - 16) - 20) + 21.
11
Calculate 54 + (-112 - -22) + 56.
20
308 - 268 - (98 - -6)
-64
What is -35 + 2 - (-1491 + 1472)?
-14
What is the value of 5 + -2 + 3 - (407 - 427)?
26
What is the value of -24 + 7 + 13 - ((-4 - 0) + 33)?
-33
Calculate (51 - 29) + -103 + (-9 - -7) + 4.
-79
What is (-11 - 33) + 81 - 35?
2
(91 + -64 - (-1 + 49)) + 87
66
Evaluate -36 + 4 - (3183 + -3240).
25
What is the value of (8 - (87 + -67)) + 45?
33
Calculate -5 - (-51 - ((-22 - -5) + 10 - 0)).
39
Evaluate (12 + -9 - (3 - 2)) + -89 + -18.
-105
Calculate -6 + -5 + (-9 - (19 - 12 - 7)).
-20
What is -1 + (-2 - 0) + -8 - (1434 - 1525)?
80
What is 5 + -3 + 40 + (-17 - (-29 + 22))?
32
What is the value of 21 + (-7 - -16 - -90) + 1 + 8?
129
What is the value of 121 + 1 + -44 + -12 + -4?
62
Evaluate 4 - -6 - (54 + -65 + (-1 - -12)).
10
Calculate -6 + -2 + -1627 + 1571.
-64
What is the value of 2 - (117 + -49) - -20?
-46
283 + 16 + -358 - (2 + 11 + -1 + 0)
-71
Evaluate 43 - (-20 + (35 - -54) + -38).
12
What is the value of 107 + (-158 - (-118 + 10))?
57
13 + -62 + (6 - (-1 + -13 - -19))
-48
Calculate (-53 - (0 - -1)) + -88 + -6 + 104.
-44
What is (-886 - -907) + (-3 - -59) + 1?
78
What is the value of -59 + 47 + -55 + -1 + (2 - 4)?
-70
(-7 - 12 - -23) + (1 - -3)
8
Evaluate 4869 + -4943 + 141 + -2.
65
What is 19 - 9 - 42 - 9 - (-23 - (-31 - -3))?
-46
(-10 - 5) + (7 - 70)
-78
What is -13 + 0 + 31 + -27 + -586 + 589?
-6
Evaluate -79 - (-16 - 14) - -88.
39
What is -5 - (5 + -9 + -26 - -13) - 10?
2
29 - 3 - (3103 + -3100)
23
Evaluate (-5 - (1 - (-5 - -4))) + -58 + 57 + 1.
-7
What is the value of (16 - (-6 - -35)) + 7 + -1 + -13?
-20
14 - (72 + -54) - 11
-15
Calculate 160 + -123 - (5 + 71).
-39
What is 42 - (-2 + 1 + (-4 - 5) + 1 + 12)?
39
What is (-3 - 11) + 3 - (290 + -294)?
-7
Evaluate (32 - -3) + (-1821 - -1752).
-34
0 + -8 - (397 + -405) - 26
-26
(0 - (-20 - -45)) + 61 - (7 + -1)
30
Evaluate -21 + 3 + -26 - -18.
-26
What is (502 - 539) + (-8 - -25) - (0 + -115)?
95
What is the value of -38 + (-41 - 5) + 39?
-45
Evaluate -1 + 71 + -70 - (6 - 0).
-6
What is the value of 56 - 18 - (4 - 2)?
36
Evaluate 10 + (-141 - -165 - (-4 + 3 + 7)).
28
Calculate -3 + -9 + 3 + 2 + (-34 + 60 - -26).
45
4 + 87 + (1279 - 1342)
28
Calculate 14 + (2 + 1 - (-15 - -77) - 15).
-60
What is the value of 8 + (0 - (-8 + 4)) + (-20 - (-41 - -18))?
15
What is -12 + (-8 + 1 + 2 - 6 - -14) + 39?
30
-138 + 108 - (-3 - 8)
-19
-3 + (3 - 142) - (-2 - -32 - (52 + -12))
-132
Evaluate -26 + -63 + 3 - -33.
-53
-37 + -42 - (0 + -156)
77
What is the value of (-5 - 26) + 21 + 4 + -39?
-45
Calculate -18 - 1 - (-125 + 154 + 15).
-63
2 - (-7 + -2) - (13 + -16)
14
Evaluate -256 + (-57 - 42 - -235).
-120
Evaluate -7 - (1 - -5) - (-37 + -3).
27
What is the value of -5 + (-6 + 0 + -3 - 1) + (2247 - 2175)?
57
What is 218 + -31 - 199 - (2 - (-1 - -3))?
-12
153 + -85 - (3 - 14)
79
What is 100 + (-17 - (6 + 17))?
60
Evaluate 7 - (-40 + -34 + 95) - -118.
104
Evaluate 49 - 2 - (-26 + 19).
54
Evaluate 1 + -17 + (47 - 38) - ((-28 - -13) + 1).
7
(-21 - (21 + -49)) + (-8 - 0) + 84
83
(-13 - (-5 - -17)) + (5 - -55)
35
31 - (4 + (27 - 14) - -22)
-8
What is the value of 13 + 6 - (340 + -311)?
-10
What is -2 + 3 + 23 + (-1441 - -1424)?
7
What is -109 + 72 - -23 - 74?
-88
What is -92 - (-24 + 0 + (502 - 493))?
-77
Evaluate 2 + (-3 + 2 - 2 - 0) - (406 + -408).
1
Calculate 10 - 3 - (-3 + -10 - (67 + -64)).
23
Evaluate (118 - (41 + 122)) + 155.
110
Calculate -6 + -5 + 131 + (54 + -59 - -17).
132
Evaluate -69 - (-53 - 15) - -31.
30
What is the value of 2 - -6 - ((3 - -109) + -105)?
1
-21 + 5 - (183 - 215)
16
What is the value of (8 - 51) + 32 + -6 - -86?
69
Evaluate (-1137 - -1197) + (0 - -1 - 13).
48
Evaluate (7 - (15 - 15)) + -4 + 1 + (1 - 86).
-81
Calculate (7 + 1 - (-10 - 0)) + 22.
40
What is the value of 2110 + -2145 - (-2 + -36) - (0 - -2)?
1
Calculate -56 + (7 - (2 - -3)) + (-15 + 25 - 2).
-46
What is 62 + (-2 + 16 - 14) + (11 - 14)?
59
What is -22 + -50 + (7 - -5) + -1?
-61
What is the value of -164 - -142 - (10 - (8 + -12 + -1))?
-37
Evaluate (100 - (-118 - -268)) + 2 + 7.
-41
33 - 44 - (3 + (-3 - -2) + 10)
-23
Evaluate -38 - (-41 - (-33 + 39)).
9
(72 - 53 - 53) + 16
-18
What is (122 - (-88 + 312)) + -8?
-110
What is 26 + -12 + -16 + 136 + (-7 - -3) + 1?
131
What is (-33 - (-20 - 44 - -31)) + -45?
-45
What is (-124 - (-23 - -3)) + 33 - (2 + -21)?
-52
-1 - (39 - -3) - (29 + -9 + (-6 - 5))
-52
What is (1479 - 1565) + 49 + 5?
-32
Evaluate (-601 - -608 - (1 + 0)) + -25 - 11.
-30
What is 5 + (26 - (-12 - -25) - (-16 + -4))?
38
What is 49 - (-24 + 115 + -36)?
-6
What is -448 + 484 - (-7 + 97)?
-54
-2 + (18 -